r of 208 and j?
13
Let b(m) be the second derivative of m**5/20 + m**4/4 - 5*m**3/6 - 5*m. Let f be b(-4). Calculate the highest common factor of f and 10.
2
Let m be 15/(-3 - 90/(-28)). What is the highest common divisor of m and 42?
14
Let q = 26 + 0. What is the highest common divisor of 13 and q?
13
Let s be (1/(-2))/((-2)/72). Let j(q) = q**2 + 5*q + 6. Let g be j(-6). Let d = 21 - g. What is the greatest common factor of s and d?
9
Let c(z) = -5*z**3 - z**2 + 2. Let j be c(-2). Suppose j + 12 = 5*o. Let d be (-3)/((-3)/(-140)*-2). What is the highest common factor of d and o?
10
Let z(c) = 3*c**2 + c + 7. Let o be z(10). Let n = -212 + o. Calculate the highest common divisor of n and 15.
15
Let t = 54 + -26. Calculate the greatest common factor of 196 and t.
28
Suppose 0 = c + c - 4. Suppose -14 = -3*t + t + c*m, 0 = 2*t + 4*m - 32. Suppose 9*k = 41 + 49. What is the highest common factor of k and t?
10
Suppose -4*v = -6*y + 5*y - 227, 62 = v - 2*y. What is the greatest common divisor of 7 and v?
7
Suppose -5*n + 3*d - 41 = 0, n - 62 = 6*n + 4*d. Let f = n - -28. What is the greatest common factor of 180 and f?
18
Let i be (2 - 1)*(7 - -7). Calculate the greatest common divisor of i and 2.
2
Let v = 18 + -7. Suppose 6*a - j + 48 = a, 2*a + 4*j + 6 = 0. Let u be 1 - (a - 2/2). What is the highest common divisor of u and v?
11
Suppose 80 = 12*l - 10*l. Calculate the greatest common divisor of l and 80.
40
Let x be (-1)/(-2*(-5)/(-360)). What is the highest common divisor of 396 and x?
36
Let a be 7/21 - 160/(-6). What is the highest common factor of a and 18?
9
Let x be 6 - (2 + -3 + -1). Let u(s) = -s**3 + 6*s**2 - 7*s + 8. Let o be u(x). Let r = 55 - o. Calculate the highest common divisor of r and 21.
21
Let z be (4/(-2) + 1)*30. Let w = 6 - z. What is the greatest common factor of 4 and w?
4
Let f = -10 - -10. Let z(j) = -j**2 + j + 24. Let v be z(f). What is the highest common factor of v and 8?
8
Let v be 17/4 - (-4)/(-16). Let f be ((-8)/(-24))/((-1)/(-15)). Let d be (-266)/(-35) + 2/f. Calculate the highest common factor of v and d.
4
Let a(q) = -q**2 - 7*q - 4. Let u be a(-7). Let i = u + -17. Let p = 3 - i. Calculate the greatest common factor of 8 and p.
8
Let g be (2/(-6))/((-1)/(-6)). Let t be 21/g*2/(-3). What is the greatest common divisor of 49 and t?
7
Let f be (-59)/5 - 1/5. Suppose 5*v = 26 + 59. Let r = f + v. What is the highest common factor of r and 20?
5
Suppose 0 = -6*v + v - 5. Let o(b) = -2*b - 17*b + 0 + 1. Let c be o(v). What is the highest common divisor of c and 180?
20
Let z(s) = -s**3 + 13*s**2 + 13*s + 31. Let w be z(14). Calculate the highest common divisor of w and 68.
17
Suppose -4*v + 29 = y, 0 = 2*v + v - 4*y - 17. Calculate the greatest common factor of 14 and v.
7
Let g = 3 - -27. Let i be 30 + -2 + (-2)/(-1). Let q be (i/4)/((-3)/(-4)). Calculate the greatest common factor of q and g.
10
Suppose 5*i + 192 = 8*i. Let o(u) = u**3 + 6*u**2 - 2*u - 4. Let q be o(-6). Calculate the highest common factor of i and q.
8
Suppose -3*c + 0*c - 2*k = 11, 0 = 4*c - 5*k + 30. Let p be 1 - -16 - 5/c. What is the highest common factor of p and 27?
9
Suppose 8*w = 5*w + 195. What is the greatest common factor of w and 26?
13
Let d(q) = -5*q - 15. Let r be d(-7). What is the greatest common divisor of r and 100?
20
Suppose 5*x - 5*i + 254 = -276, 5*x + i = -506. Let u = -330 - x. Let m be (8/(-6))/(8/u). Calculate the highest common factor of m and 19.
19
Let v be (-48)/(-18) + (-1)/(-3). Suppose k - v*j + 2 = -10, -6 = k - j. Let o be (-54)/8*(k + -1). What is the highest common divisor of 9 and o?
9
Let z be ((-2)/4)/((-2)/24). Suppose -9*v = -14*v + 30. Let t = z + v. Calculate the greatest common factor of 108 and t.
12
Let a(k) = k + 2. Let x be a(0). Calculate the greatest common divisor of x and 8.
2
Let t = -6 - -10. Suppose t*x = -5*h + 59 + 169, x - 46 = -h. Calculate the greatest common divisor of 66 and h.
22
Suppose 37 = 2*m + 1. Suppose -2*s - 2*s = -4. Suppose -d + s + 1 = 0. What is the greatest common divisor of m and d?
2
Let b(c) = -c**3 - 8*c**2 + 8*c + 12. Let i be b(-9). Suppose 4*l + i = -5*h, 0 = 3*l - 0*l - 5*h - 28. What is the greatest common factor of l and 2?
1
Let t be -40*((-12)/(-15))/(-2) - -2. Calculate the greatest common divisor of 6 and t.
6
Let x(q) = 7*q - 1. Let k be x(6). Let z = k + -15. Let g be 5/(-1) + 528/12. What is the greatest common divisor of z and g?
13
Let x be (-8 - 0)*11/(-4). Calculate the highest common divisor of x and 2.
2
Let n(p) = 2*p**2 - 6. Let j be n(5). Let a be j/(-3)*6/(-4). Calculate the highest common divisor of 55 and a.
11
Let n(z) be the second derivative of z**5/20 + z**4/2 + 5*z**3/6 + 5*z**2/2 + 8*z. Let w be n(-5). What is the greatest common divisor of w and 40?
5
Suppose 4*p - 48 = -4*t, -t = -6*t + 5. Let z(g) = 38*g - 2. Let q be z(7). Let r be ((-11)/3)/((-8)/q). Calculate the highest common factor of p and r.
11
Suppose -r + 39 = -5*z, -5*z + 105 = -0*r + 5*r. Let m be (-1)/(-3) - (-3)/(-9). Suppose m = 4*i - 4 - 8. Calculate the greatest common factor of r and i.
3
Let o = -6 + 11. Let t be (-1760)/(-6)*(-9)/(-6). Suppose -t = -0*u - o*u. Calculate the highest common factor of 11 and u.
11
Let z(c) = -2*c**2 - 7*c - 3. Let a be z(-2). Suppose 0*g - g - 4*q + 15 = 0, -5*q = 2*g - 21. Calculate the highest common factor of g and a.
3
Suppose 0 = x - 4 - 4. Calculate the highest common divisor of 64 and x.
8
Let d be (6/(-5))/(4/(-30)). Suppose -2*u + 28 = c, -c - 4*u + 29 + d = 0. Calculate the greatest common factor of c and 198.
18
Let x be (-2)/(-6) + (-20)/(-3). Suppose 0 = 5*w - 37 + 2. Calculate the highest common divisor of w and x.
7
Suppose -1 + 7 = 2*x. Let b be (-6)/(x/(-2 + 5)). Let c(w) = -w**3 - 7*w**2 - 9*w - 7. Let r be c(b). What is the greatest common factor of 88 and r?
11
Suppose 462 + 1050 = -4*l. Let n be l/(-49) - 2/(-7). What is the highest common factor of 4 and n?
4
Suppose -2*b - 63 = -4*j - 3*b, -4*j = 4*b - 60. Let m = j + -7. What is the highest common divisor of 27 and m?
9
Let a be 1*-21*(6 - 95/15). What is the greatest common divisor of a and 56?
7
Let c(l) be the first derivative of -l**3 - 3*l**2 - 2. Let q be c(-4). Let r = 60 + q. What is the greatest common divisor of 12 and r?
12
Suppose -f + 122 + 10 = -4*k, f - 3*k - 135 = 0. Suppose -f = -5*x + x. Calculate the greatest common divisor of 24 and x.
12
Suppose 1 = 3*q - 5*w + 2, 5*q + 2*w = -12. Let n be q*(-1 + 2/4). Suppose -5*m + 125 = 5*u, -m - 4*u - n = -11. What is the greatest common factor of 75 and m?
15
Let q(k) = -4*k - 4. Let l be q(8). Let u = l + 57. Calculate the highest common divisor of 3 and u.
3
Suppose 8*l - 6*l - 12 = 0. Suppose 576 = l*y - 0*y. Calculate the greatest common factor of 24 and y.
24
Let b(m) = -m**2 - 21*m - 13. Let k be b(-19). What is the highest common divisor of 200 and k?
25
Let r(h) = 36*h**2 - h + 1. Let u be r(1). Suppose 0 = -3*m - 5*n - 3, 10*m - 2*n = 6*m + 22. Calculate the highest common divisor of m and u.
4
Suppose 4*t + 21 = 3*t. Let x = t - -27. Calculate the highest common divisor of x and 6.
6
Let d be 0 + 0 - (-7 - 1). Suppose 4*z - 20 = d. Suppose 5*n - 3*i + 2 = 0, -n - 14 = 3*i - z*i. What is the highest common factor of n and 4?
2
Suppose -2*q + 59 = 3*c - 34, q = 3*c + 42. Let b(g) = g - 1. Let o be b(1). Let k be (o - -2)/((-6)/(-27)). Calculate the greatest common factor of q and k.
9
Let j = 52 - 32. Let c be ((-28)/(-5))/((-1 + -2)/(-75)). What is the greatest common factor of c and j?
20
Let w be (-2 + 2403/6)*2. Suppose -237 = 5*h - w. Let s = -24 - -38. What is the greatest common factor of s and h?
14
Suppose 5*d - 4*z - 76 = 140, -3*d + 133 = z. Calculate the highest common divisor of d and 11.
11
Let m = 6 - 6. Let p = m - -24. What is the highest common factor of p and 6?
6
Suppose 0 = -294*m + 297*m - 81. Let b(c) = -c + 18. Let q be b(0). Calculate the highest common divisor of q and m.
9
Suppose 4*u = 2*o - 28, -o = -0*o - 5*u - 2. What is the greatest common factor of 22 and o?
22
Let j(x) = x**2 + 4*x + 1. Let f be j(-4). Calculate the highest common divisor of 1 and f.
1
Let x = 3 + 1. Suppose 5*v + 2*w = 521, v - x*w - 36 = 77. Calculate the highest common diviso